ulate the highest common divisor of 32 and 2612.
4
Calculate the highest common divisor of 944 and 16.
16
What is the greatest common factor of 80 and 90?
10
What is the highest common factor of 4541 and 266?
19
What is the greatest common factor of 1751 and 17?
17
Calculate the highest common factor of 8 and 824.
8
Calculate the greatest common divisor of 396 and 252.
36
Calculate the highest common factor of 1127 and 1288.
161
Calculate the greatest common factor of 1 and 3.
1
Calculate the greatest common factor of 140 and 196.
28
What is the greatest common factor of 341 and 62?
31
Calculate the greatest common factor of 1843 and 19.
19
Calculate the greatest common factor of 168 and 588.
84
Calculate the greatest common factor of 11055 and 165.
165
What is the greatest common divisor of 3857 and 57?
19
What is the highest common divisor of 198 and 54?
18
What is the greatest common factor of 209 and 176?
11
What is the highest common factor of 18042 and 186?
186
Calculate the highest common divisor of 16 and 1328.
16
Calculate the greatest common divisor of 2106 and 1521.
117
Calculate the greatest common divisor of 222 and 12.
6
What is the highest common factor of 3 and 96?
3
What is the greatest common divisor of 132 and 96?
12
What is the highest common factor of 165 and 99?
33
Calculate the highest common factor of 10 and 895.
5
What is the highest common divisor of 1368 and 1672?
152
What is the greatest common divisor of 294 and 2842?
98
Calculate the highest common factor of 13104 and 12.
12
Calculate the greatest common divisor of 18 and 5283.
9
What is the highest common divisor of 486 and 12?
6
What is the greatest common factor of 30 and 250?
10
Calculate the highest common divisor of 4065 and 1084.
271
What is the highest common factor of 8 and 44?
4
What is the highest common factor of 49 and 56?
7
Calculate the highest common factor of 4 and 36.
4
What is the highest common factor of 54056 and 232?
232
Calculate the highest common factor of 11 and 58.
1
What is the greatest common factor of 91 and 39?
13
What is the highest common factor of 71 and 16117?
71
Calculate the greatest common divisor of 30 and 170.
10
Calculate the greatest common divisor of 666 and 153.
9
What is the greatest common divisor of 728 and 91?
91
What is the highest common factor of 18 and 10?
2
What is the greatest common divisor of 136 and 6128?
8
Calculate the highest common factor of 2 and 1202.
2
What is the highest common divisor of 414 and 115?
23
Calculate the highest common factor of 112 and 16.
16
Calculate the highest common factor of 650 and 52.
26
What is the highest common factor of 27528 and 592?
296
What is the greatest common factor of 721 and 7?
7
What is the highest common factor of 82 and 2050?
82
Calculate the greatest common factor of 152 and 38.
38
What is the greatest common divisor of 378 and 42?
42
Calculate the highest common divisor of 621 and 27.
27
Calculate the greatest common divisor of 620 and 20.
20
What is the greatest common factor of 1125 and 45?
45
What is the highest common divisor of 2725 and 25?
25
What is the highest common divisor of 1311 and 69?
69
Calculate the greatest common divisor of 77 and 33.
11
What is the greatest common divisor of 104 and 1976?
104
What is the highest common divisor of 455 and 1807?
13
What is the greatest common factor of 486 and 40581?
243
Calculate the greatest common factor of 3859 and 908.
227
What is the highest common divisor of 45 and 135?
45
Calculate the greatest common factor of 1111 and 253.
11
Calculate the highest common divisor of 7 and 14.
7
What is the greatest common divisor of 275 and 55?
55
What is the greatest common divisor of 36 and 25?
1
What is the highest common divisor of 3192 and 2016?
168
What is the greatest common divisor of 4 and 2164?
4
Calculate the greatest common factor of 4161 and 38.
19
Calculate the greatest common divisor of 40 and 270.
10
What is the greatest common divisor of 552 and 288?
24
Calculate the highest common divisor of 72 and 7848.
72
What is the highest common factor of 336 and 420?
84
Calculate the highest common divisor of 105 and 90.
15
What is the greatest common divisor of 79 and 1027?
79
Calculate the highest common divisor of 15785 and 231.
77
Calculate the highest common divisor of 216 and 81.
27
Calculate the greatest common factor of 126 and 2058.
42
What is the greatest common divisor of 310 and 10?
10
Calculate the greatest common factor of 120 and 312.
24
Calculate the greatest common factor of 2353 and 26.
13
Calculate the highest common factor of 931 and 19.
19
What is the highest common factor of 14 and 672?
14
What is the highest common divisor of 35 and 1435?
35
What is the highest common factor of 66 and 10736?
22
What is the greatest common divisor of 1428 and 252?
84
Calculate the greatest common divisor of 252 and 10206.
126
Calculate the greatest common divisor of 280 and 7945.
35
What is the greatest common divisor of 155 and 341?
31
Calculate the highest common factor of 84 and 70.
14
What is the highest common factor of 2793 and 343?
49
What is the highest common divisor of 38 and 18658?
38
What is the greatest common factor of 25 and 68225?
25
What is the greatest common factor of 629 and 17?
17
Calculate the highest common factor of 171 and 855.
171
Calculate the highest common divisor of 150 and 1965.
15
What is the greatest common factor of 546 and 234?
78
Calculate the greatest common divisor of 1280 and 610.
10
Calculate the greatest common divisor of 160 and 4448.
32
Calculate the highest common factor of 455 and 65.
65
What is the highest common factor of 800 and 250?
50
What is the greatest common factor of 693 and 3069?
99
Calculate the highest common divisor of 675 and 2625.
75
What is the greatest common divisor of 368 and 16?
16
Calculate the greatest common divisor of 1488 and 1023.
93
What is the greatest common divisor of 4393 and 2292?
191
What is the greatest common divisor of 159 and 49767?
159
What is the greatest common factor of 45 and 90?
45
Calculate the greatest common factor of 189 and 21.
21
Calculate the highest common factor of 1320 and 3795.
165
Calculate the highest common factor of 200 and 550.
50
What is the highest common divisor of 1304 and 72?
8
Calculate the highest common divisor of 236 and 44.
4
Calculate the greatest common factor of 95300 and 25.
25
What is the greatest common divisor of 153 and 12087?
153
Calculate the greatest common factor of 40761 and 105.
21
What is the highest common divisor of 40010 and 10?
10
Calculate the greatest common factor of 6 and 54.
6
Calculate the highest common factor of 1 and 7.
1
What is the highest common factor of 1751 and 17?
17
What is the greatest common factor of 1512 and 351?
27
What is the greatest common divisor of 36 and 90?
18
Calculate the greatest common divisor of 135 and 360.
45
Calculate the highest common divisor of 161 and 4669.
161
What is the greatest common factor of 11116 and 28?
28
Calculate the highest common factor of 18 and 846.
18
What is the greatest common factor of 14 and 35812?
14
Calculate the greatest common factor of 54 and 54.
54
Calculate the highest common factor of 13 and 19123.
13
What is the highest common factor of 370 and 50?
10
What is the greatest common divisor of 95 and 247?
19
What is the greatest common factor of 60 and 345?
15
What is the highest common divisor of 224 and 315?
7
Calculate the highest common factor of 268 and 12.
4
What is the highest common factor of 414 and 72?
18
What is the greatest common factor of 181 and 4?
1
Calculate the highest common factor of 5 and 125.
5
Calculate the highest common factor of 25 and 6575.
25
Calculate the highest common divisor of 1769 and 58.
29
Calculate the greatest common factor of 3 and 2193.
3
What is the highest common factor of 164 and 738?
82
What is the highest common divisor of 1984 and 256?
64
What is the greatest common divisor of 243 and 162?
81
What is the highest common divisor of 4 and 7?
1
Calculate the greatest common divisor of 511 and 7.
7
Calculate the greatest common factor of 2480 and 560.
80
What is the greatest common factor of 19740 and 126?
42
What is the greatest common factor of 2421 and 9?
9
Wha